= -4*a + d. What is the units digit of a?
8
Let d = 241 + -162. What is the tens digit of d?
7
Let s = -82 + 174. What is the tens digit of s?
9
Let m(h) = h**3 - 10*h**2 - h + 13. Let x be m(10). Let w be (x - (-1 - -2)) + 0. Suppose 12 = 5*g - w*g. What is the units digit of g?
4
Let y be 0 + (-3 - (1 + -2)). Suppose 1 = c - 2, x - c = 0. Let o = y + x. What is the units digit of o?
1
Let c(m) = -m**3 + 2*m**2 + 5*m + 2. Let k(g) = 3*g**3 - 5*g**2 - 15*g - 5. Let u(d) = 7*c(d) + 2*k(d). What is the units digit of u(5)?
4
Suppose 1 = 2*f - 1. What is the units digit of -4*(f/2 - 1)?
2
Let z = 211 - 111. What is the tens digit of z?
0
Suppose 2*d - h = -2*d + 349, 0 = 4*d + h - 355. What is the tens digit of d?
8
Let i(n) = n**3 - n**2 - n. Let t be i(0). Suppose 16 = -t*x + x. What is the units digit of x?
6
Let m(k) = 2*k**2 + 3*k + 1. Let u be m(-2). Suppose p = -4*o - 5, 0 = o - p - 0*p - 5. Let w = o + u. What is the units digit of w?
3
Suppose -4*c = -151 - 69. What is the tens digit of c?
5
Let y be (0/(-1 - -3))/(-2). Suppose 0*i - 2*c = i - 7, y = -5*i + 5*c + 20. What is the tens digit of 26/(-5)*i/(-2)?
1
Let i(o) = -o**3 - 7*o**2 - 8*o + 6. Let r be i(-6). Suppose w - m - 10 - r = 0, 4*w = -3*m + 98. What is the units digit of w?
6
Suppose 0 = -4*s - 3*w - 2*w + 139, -4*s + 5*w + 189 = 0. What is the units digit of s?
1
Suppose -2*q + 0*z = 3*z + 5, 3*z + 1 = -4*q. Let a be 2/(-2) - -2*q. Let r = -2 + a. What is the units digit of r?
1
Let m be ((-3)/(-6))/(2/(-8)). Let x = m + 2. Suppose x*d = d - 2. What is the units digit of d?
2
What is the units digit of (26/26)/(1/123)?
3
Let n = -11 + 18. Suppose 0 = -4*p + 2*f + 6, 0 - 2 = -3*p - f. What is the units digit of -1 + n - (2 - p)?
5
Suppose -3*l + 138 - 48 = 0. What is the units digit of l?
0
Let d = 21 + -2. Let u = 43 - d. What is the tens digit of u?
2
Suppose -2*u = -3*k - 97, -u + 4*k + k + 38 = 0. Let l = 90 - u. What is the units digit of l?
7
Suppose 3*z - 3*o = -7*o + 21, -21 = -3*z + 5*o. Let k = -2 + z. What is the units digit of k?
5
Suppose 0*y - 4*v = 4*y, 2*v + 16 = 2*y. Suppose -5*g + 26 = -3*r, -y = r - g + 2. What is the units digit of 234/30 + r/(-10)?
8
Let b(t) = 2*t**2 - 4*t - 5. What is the tens digit of b(-4)?
4
Let i = -2 + 15. What is the units digit of i?
3
Let n = 0 + -6. What is the units digit of (-39)/n*(-2)/(-1)?
3
Suppose -4*l - 3 - 5 = 0, 5*x + 5*l - 1740 = 0. What is the units digit of x?
0
Let n be (-4)/3*3/1. Let w(z) be the second derivative of z**4/12 + 5*z**3/6 + 5*z**2/2 - z. What is the units digit of w(n)?
1
Suppose -4*a = -176 - 368. What is the hundreds digit of a?
1
Let q(r) = r**3 - r**2 + 1. Let f(c) = 7*c**3 - 2*c**2 + c. Let u(t) = f(t) - q(t). Let g be u(1). Suppose 10 = -0*v + g*v. What is the units digit of v?
2
Suppose 0 = -5*g + 6*g. Suppose a + a - 12 = g. Let r(s) = s**2 - 3*s + 1. What is the tens digit of r(a)?
1
Let b(w) = -w**2 - 11*w - 4. Let s be b(-7). Let l = 8 - 4. Suppose 0 = l*n - 0*n - s. What is the units digit of n?
6
What is the tens digit of (-1010)/(-25) + 2/(-5)?
4
Let v(z) = -z**2 - 5*z + 7. Let k be v(-8). Let n = k - -25. Suppose -w - w = -n, 4*i + 2*w = 16. What is the units digit of i?
2
Suppose -y - 3*o - 4 = -0, 4 = o. Let a = 27 + y. What is the units digit of a?
1
Let g = 195 - 131. What is the units digit of g?
4
Let c(r) be the third derivative of 0 - 1/24*r**4 + 0*r + 1/6*r**3 + 2*r**2. What is the units digit of c(-4)?
5
Let b(o) = -o - 2. Let r be 1/(4/2 - 3). Let w be b(r). What is the units digit of (1 - -1) + w + 4?
5
What is the units digit of (-1268)/(-20) + (-10)/25?
3
Suppose 7*g - 3*g = 32. What is the units digit of (g/5)/((-2)/(-10))?
8
Suppose 2 = h + 2*x, x = 3*h + 8 - 0. Let v = 4 - h. Suppose -2*z = r - 5, 2*r = v*r - 5*z - 33. What is the units digit of r?
7
Let s(i) = -9*i + 7. Let l be s(5). Let n be l/(-14) + (-4)/(-14). Suppose 3*o - 3 - 15 = 5*r, 0 = 3*o - n*r - 24. What is the tens digit of o?
1
Let o be 2/7 + (-16)/56. Let a = 0 + o. Suppose a = q + q - 4. What is the units digit of q?
2
Let t = -148 + 471. What is the units digit of t?
3
Suppose w + 2*a = 13 + 58, 4*w - 263 = -a. What is the units digit of w?
5
Let m(k) = 14*k**2 - 2*k + 1. Let c be m(1). Let y = 23 - c. What is the units digit of y?
0
Suppose -5*g - 4*p = -62, -g + 7 = -3*p + 2*p. What is the units digit of ((-76)/10)/((-4)/g)?
9
Let q = 8 + -5. Suppose -5*g + q*g = -114. What is the tens digit of g?
5
Suppose 62 = 2*o - 18. Suppose -o = -8*j + 4*j. What is the units digit of j?
0
Let r = 21 + -8. Suppose 5*f = -g + f + 22, g - 5*f = r. What is the units digit of g?
8
Let w(b) = 38*b**2 - b - 1. What is the units digit of w(-1)?
8
Suppose 0*o = 4*o - 72. Let x = o + -16. What is the units digit of x?
2
What is the hundreds digit of 152 + (-3 - 0/2 - -6)?
1
Let r(n) = n**2 - 3*n - 17. What is the tens digit of r(-9)?
9
Let w = 12 - -24. What is the units digit of w?
6
What is the units digit of (7/14)/(3/162)?
7
Suppose 2*z + z - k - 27 = 0, 3*k = -3*z + 15. Suppose q - 1 = 0, 4*h = 2*q + 2*q + z. What is the units digit of h?
3
Suppose -25 = 5*w, 0*j + 5*w + 25 = -4*j. Let t(f) = f**3 + 4. Let b be t(j). Suppose -b*q - 5*x = -19, -q + 5*q - 4*x + 8 = 0. What is the units digit of q?
1
Let h = 0 + 21. Let z = 31 - h. What is the units digit of z?
0
Let d(o) = -o - 4. Let j be d(-7). Suppose j*c + 0 = 6. Suppose -3*s - c*s = 0, 6 = 2*r - 2*s. What is the units digit of r?
3
What is the units digit of (-6)/2 + 168/4?
9
What is the hundreds digit of ((-260)/(-3))/((-14)/(-21))?
1
Suppose 0 = -3*x + 2*f + 1, 0*x = 3*x - 3*f + 3. Suppose -x*b + 5*b - 28 = 0. What is the tens digit of b?
1
Let a = -5 - -6. Suppose -4*m = w - a + 10, -2*m - 1 = -3*w. What is the units digit of m/3*(-27)/2?
9
Let i = 40 + 25. What is the units digit of i?
5
Let c(p) = -p**3 - 3*p**2 + 4*p + 1. Let q be c(-4). Let w(f) = 3*f**3 + f**2 - f. What is the units digit of w(q)?
3
Let w be (-1 - (-26)/6)*3. Let v = -5 + w. Suppose 14 = 4*b + v*p, -4 = p + p. What is the units digit of b?
6
Let t(h) be the first derivative of -2*h**2 - h - 1. Let o = 14 + -15. What is the units digit of t(o)?
3
Suppose 2*r - 6 = d, -2*r - 14 = -4*r - 3*d. Let h(n) = n. Let i be h(6). Let t = i - r. What is the units digit of t?
2
Let g = -69 + 113. Let z(v) = -9*v + 3. Let t be z(3). Let u = g + t. What is the units digit of u?
0
Let k(j) = -j**2 + 11*j - 1. Let l be k(10). Suppose -2*o + l*g = 4*g - 55, 0 = -o + 3*g + 29. What is the tens digit of o?
2
Suppose 2*q = -2*f - 14, 3*f = 4*q - f + 4. What is the units digit of (-4)/(-10)*(21 - q)?
0
Let z(x) be the second derivative of x**3/6 - 5*x**2/2 - 2*x. Let h be z(5). Let s = h + 5. What is the units digit of s?
5
Suppose 2*t + 4*j + 5 = 35, 0 = -j. Suppose 3*a - 6*a + t = 0. What is the units digit of a?
5
What is the tens digit of (-806)/(-4) - (-4)/40*-5?
0
Let q(h) = 10*h**3 + h**2 - 3*h + 2. What is the tens digit of q(1)?
1
Let a = -3 - -7. Suppose 2*d - 23 = -2*l - d, a*l - 5*d = 13. Suppose 2*m + 3 - l = 0. What is the units digit of m?
2
Let k = -55 - -94. Suppose -y + k = 5*c, y + y - 65 = 3*c. What is the tens digit of y?
3
Let g = 5 + 20. What is the units digit of g?
5
Let o be ((-27)/2)/(1/(-6)). Suppose s + 25 + 0 = c, -3*c + s = -o. What is the units digit of c?
8
Let x = 9 - -10. Suppose 5*j - 2*v - x = -5*v, 2*j - 5*v = -11. What is the units digit of j?
2
Suppose -51 = -l + 77. What is the tens digit of l?
2
Let x be 1 + 2*-1 + 1. Suppose x = r + r + 4*j + 8, 5*r + j = 7. Suppose f - r*f = -10. What is the units digit of f?
0
Let q = 8 + -2. Let c be 28/q - 1/(-3). Suppose 3*v - 1 = 4*n, -c*v - 5*n - 4 + 29 = 0. What is the units digit of v?
3
What is the units digit of (9/2)/(-2 - (-5)/2)?
9
Let f be (26/(-4))/((-2)/(-4)). What is the units digit of (-479)/f + 28/182?
7
Let g(j) = 3*j - 6. Let r be g(4). Suppose 126 = 5*c + 4*c. What is the units digit of -1*c*r/(-4)?
1
Let q(n) be the third derivative of n**4/24 - n**3/3 + n**2. Let u(y) = -y. Let s be u(-5). What is the units digit of q(s)?
3
Suppose 3*m - 5*h - 1 = 0, 0 = m + 3*m + h - 9. What is the units digit of m/9 + (-1246)/(-63)?
0
Suppose 3*a + x = 136, 2*a = -5*x + 60 + 48. Let n = -28 + a. What is the tens digit